be q(t). Let r = l + 18. Calculate the greatest common factor of r and 1.
1
Let u be (-110)/4*6/(-15). Calculate the highest common divisor of 1 and u.
1
Let a(z) = z**2 - 2. Let d = -7 - -4. Let i(y) = 2*y**2 + y - 2. Let h(g) = d*a(g) + 2*i(g). Let u be h(-6). Calculate the highest common factor of u and 13.
13
Let j be 100/(-6)*(-36)/30. Let f = 5 - 2. Suppose 600 = f*d + 180. What is the highest common factor of d and j?
20
Suppose -j - 3*v = -308, 0*j - 882 = -3*j + 5*v. Suppose 4*w + j = 5*u, 5*u = 3*u + 5*w + 106. What is the highest common factor of 9 and u?
9
Let q be -15 - -11 - (-12)/(2 - 0). What is the greatest common divisor of q and 12?
2
Let q be ((-2)/1 + -2)*-2. Let g(z) be the first derivative of -z**2/2 - 7*z + 2. Let j be g(-9). Calculate the highest common divisor of q and j.
2
Let r(o) = 7*o - 1. Let s be r(10). Let t = s - 43. Suppose 0 = 4*p - t + 10. Calculate the greatest common factor of 12 and p.
4
Let c be 2 - (4/18 - (-160)/(-72)). What is the greatest common divisor of c and 40?
4
Let q = -9 - -9. Suppose q*g - 2*g + 20 = 0. Suppose -j = -2*j + 20. What is the highest common factor of j and g?
10
Let i be ((-2)/5)/((-3)/(-15)). Let d be (2 + 1 - 3)/i. Suppose d = -5*f + 2*f + 27. What is the highest common divisor of f and 72?
9
Let b(n) = -n + 19. Let l be b(7). Calculate the greatest common factor of l and 60.
12
Suppose -5*v + 25 + 87 = 3*z, 0 = -5*v + z + 116. What is the highest common divisor of 161 and v?
23
Suppose -2*f + y = 2*y - 43, -5*y = -3*f + 84. Let v = -9 + f. Calculate the greatest common factor of v and 28.
14
Suppose 0*t + 2*t = 8. Calculate the greatest common factor of t and 44.
4
Let k = -7 - -19. Let h = -75 + 105. Calculate the greatest common factor of k and h.
6
Let t = 7 + -6. Let x be (-4 - 4)/(t/(-6)). Suppose -4*c = -b - 4*b - 153, -4*c + 4*b + 148 = 0. Calculate the greatest common factor of x and c.
16
Let o = 1068 - 708. Suppose 0 = 5*x - 5*q - o, 0 = -5*x + x + 2*q + 288. Let u be 16/2 + -1 + 2. What is the greatest common divisor of x and u?
9
Let z be (-3)/(-1) + (10 - 11). Suppose -2*n + 40 = 3*i + 4, z*n - 32 = -i. Let l be (3 - -2)*(-15)/(-1). What is the highest common factor of n and l?
15
Suppose 3*a + 23 = 5*m, 0 = -3*m - 2 + 14. Let i = 4 + a. Let j be 18/4 + i/(-2). What is the highest common factor of j and 2?
1
Let q(l) = l**2 + l + 22. Let n be q(0). Suppose 0 = -4*y - 4, 4*g - 4*y + n = 74. Calculate the highest common factor of g and 30.
6
Let l = -2 - -1. Let u be (25/10)/(l/(-2)). Suppose 5 = u*k - 5. Calculate the greatest common divisor of k and 1.
1
Let g(v) = -3*v + 3 + 0 + 4*v. Let r be g(-4). Let i be 4 - r - (-2 - -1). Calculate the greatest common divisor of 15 and i.
3
Suppose 108 = 5*j - 3*o, -4*j + 23 = -3*j - 2*o. What is the highest common factor of j and 231?
21
Let u(j) = 139*j**3 + 2*j**2 - 1. Let f be u(1). Calculate the greatest common divisor of 20 and f.
20
Let j(z) = 5*z + 4. Let w be j(4). Suppose -v + 20 = 14. What is the highest common divisor of v and w?
6
Let m(w) = 6*w + 20. Let g be m(-3). Let n(x) = -x**2 - 4*x + 5. Let k be n(-4). Calculate the highest common factor of g and k.
1
Let d = 85 + 13. Let m be (52/6)/(2/(-9)). Let h = -25 - m. What is the highest common divisor of h and d?
14
Suppose -5*i = -129 + 34. Calculate the highest common divisor of i and 19.
19
Suppose 9*p - 4*p = -3*m + 13, 0 = 2*p + 3*m - 7. Suppose 2*f + 3*s - 11 = 5, p*s = -3*f + 19. What is the highest common factor of 10 and f?
5
Suppose 0 = 3*y + y + 12, 0 = -3*o + 5*y + 357. Calculate the greatest common factor of 38 and o.
38
Let b(j) = 16*j**2 - j. Let x be b(1). Suppose o + 0*o - 6 = 0. What is the highest common divisor of o and x?
3
Let s be (-1 - -2) + 2 + -3. Suppose s = -0*y - 3*y + 216. Calculate the highest common factor of 18 and y.
18
Suppose -3*f = -5*f + 8. Suppose -5*u = -38 - 122. Suppose -f*i = -u - 16. Calculate the highest common factor of 4 and i.
4
Let q = 9 + -6. Suppose l - 3*v - 5 = -q*l, -5*v + 13 = 4*l. Suppose l*o + 40 = 4*o. Calculate the greatest common factor of 180 and o.
20
Suppose -2*l + 10 = -0*l. What is the highest common divisor of 25 and l?
5
Let k(p) = p**2 - 10*p + 30. Let q be k(12). What is the highest common divisor of 6 and q?
6
Let h(c) = 10*c**2 - 4*c + 2. Let z be h(-5). Let m be 2/5*(87 - (-2 - -4)). What is the greatest common factor of m and z?
34
Let n(w) = 3*w**3 - w**2 + 5*w - 2. Let z be n(2). Let c be ((-14)/5)/(2/(-10)). Calculate the greatest common factor of c and z.
14
Let g be (2/(-6))/(11/(-99)). Suppose g*r - 50 - 49 = 0. Calculate the highest common factor of 22 and r.
11
Suppose 2*c + c = 4*g - 527, -138 = -g + 2*c. Suppose -4*u + 16 = -48. What is the greatest common divisor of g and u?
16
Suppose -l - 5 = -3*a, -35 = -2*l - l - a. What is the highest common factor of 110 and l?
10
Let w be (12/(-10))/((-12)/320). Suppose 3*g = -4*x + w, 0 = -5*g + 25 - 5. Suppose z - x - 2 = 0. What is the greatest common divisor of z and 77?
7
Let l(z) = -z + 4. Suppose 0 = 2*q - 2*n - 82, -4*q + 4*n + 84 = -2*q. Suppose -2*s - 3*s = q. Let d be l(s). Calculate the highest common factor of 6 and d.
6
Suppose 4*x + 364 = 4*s, 0 = -3*s - 6*x + 4*x + 298. Calculate the greatest common factor of s and 12.
12
Let h(a) = 2*a + 4. Let r be h(5). What is the greatest common divisor of 56 and r?
14
Let r = -7 - -9. Suppose 5*a = -3*w + 86, 0 = r*a + 3*a - 20. What is the highest common factor of 11 and w?
11
Suppose -27*k - 10 = -37*k. What is the highest common factor of k and 11?
1
Suppose -h = 5*h - 24. Let r be 9 + 0/(-1) - -1. What is the highest common factor of r and h?
2
Let m(n) = -2*n**2 - 10*n + 3. Let t be m(-8). Let w = t + 93. Calculate the greatest common divisor of 32 and w.
16
Let q(k) = 21*k - 1. Let c be q(13). Calculate the greatest common factor of c and 17.
17
Suppose 4*c - 168 = -3*k + 288, -5*k + 760 = 3*c. What is the greatest common factor of 8 and k?
8
Let y(q) = q + 1. Let w be y(5). What is the highest common factor of 3 and w?
3
Suppose 15*t - 11*t = 204. Calculate the greatest common factor of 17 and t.
17
Suppose 0*g - 144 = -3*g. Suppose -4*a = -g - 32. Calculate the greatest common factor of 10 and a.
10
Let w = 22 - -6. Let a = -31 - -73. Calculate the greatest common divisor of a and w.
14
Let j(f) = -f - 1. Let x be j(-6). What is the highest common divisor of x and 40?
5
Let n(p) = 5*p**2 - p + 15. Let k be n(7). What is the greatest common divisor of 23 and k?
23
Suppose 36 = v - 2*v. Let y be v/(-2*2) + 1. Calculate the greatest common divisor of y and 2.
2
Let d be (-94)/(-18) - 7/(-63)*-2. Suppose 9*z = 7*z + 4. Calculate the highest common divisor of d and z.
1
Let j = 11 - 5. Let g(s) = -2*s + 4. Let i be g(-11). Suppose -h + 14 = o, j*h - h + i = o. Calculate the greatest common divisor of o and 40.
8
Suppose 27 - 387 = -5*k. Suppose 180 = 2*p - 5*x, 2*x = -p - 0*x + k. Suppose n - p = -n. What is the highest common divisor of 10 and n?
10
Let n(q) = -q - 2. Let m be n(-4). Suppose -d = 4*z - m*d - 50, 0 = -z - d + 10. Calculate the greatest common divisor of z and 6.
6
Let m be 1*(285/9 + 6/(-9)). What is the greatest common factor of 279 and m?
31
Let l be (6/(-8))/(6/(-24)). Let f be 1/(1 - 0)*l. What is the highest common factor of f and 2?
1
Suppose -q + g = -4, 10 = q + 2*g - 6. Let r be (8 - -1)/1 - 1. Calculate the greatest common factor of r and q.
8
Let x = -9 + 46. Suppose -5*z = 5*f - 33 - x, 0 = -4*z + 3*f + 21. What is the highest common divisor of 99 and z?
9
Suppose 0 = 5*m - 0*m - 10. Let j be (m - (10 - -2))*-2. Suppose 3*q + j = 5*q. What is the highest common divisor of q and 5?
5
Let k(v) = -v - 16. Let m be k(-8). Let r(x) = x**2 + 7*x + 8. Let y be r(m). Suppose -12 = -2*z + 244. What is the highest common divisor of y and z?
16
Let s be (11/(-2))/((-6)/(-180)). Let k be 1/(((-3)/s)/1). What is the greatest common divisor of 22 and k?
11
Let g(v) = -v**3 + 6*v**2 + 4*v - 5. Let p be g(5). Calculate the highest common factor of 5 and p.
5
Let t be -9*((-36)/(-2) - 3). Let s(h) = 7*h + 3. Let v be s(-4). Let p = v - t. Calculate the greatest common factor of 11 and p.
11
Suppose -78 = -2*z + r + r, -z + 4*r + 42 = 0. Suppose 0*d - 2*d + 6 = 0